he prime factors of r.
2, 7
Let y be (2/6)/((-1)/(-12)). Let f = y + -1. What are the prime factors of f?
3
Let k = -27 - -44. List the prime factors of k.
17
Let i(v) = -v + 12. Let z be i(9). Suppose 0 = 2*t - 4*m - 8, 4*m - 1 = z. List the prime factors of t.
2, 3
List the prime factors of (6/(-7))/(-3)*14.
2
Suppose -2*l + 18 = -5*l. Let w = l - -10. Suppose m = 2*f + w, 0 = -m + 5*f + 2 - 1. What are the prime factors of m?
2, 3
Let y be 2/(-3) + (-22)/(-6). Let r be 1/(1/y) - -2. Suppose 21 = 4*o + r. What are the prime factors of o?
2
Let r = 7 - 5. Suppose -1 - r = -m. Suppose k + 22 = -5*q, m*q + 21 = 3*k - 3. List the prime factors of k.
3
Let d = -132 + 210. What are the prime factors of d?
2, 3, 13
Let g = -6 - -4. Let a = 5 + g. Suppose t + 1 = -0*t, -a*t = r. What are the prime factors of r?
3
Suppose 14 = 2*w - 0. Let i(k) be the second derivative of k**4/12 - 7*k**3/6 + k**2 - 2*k. List the prime factors of i(w).
2
Let u = 80 + -49. What are the prime factors of u?
31
Let p = 1 + 1. List the prime factors of p/(-3)*(-54)/12.
3
Let j(w) = -2*w**3 - 4*w**2 + w. Let v(f) = 3*f**3 + 5*f**2. Let y(u) = 4*j(u) + 3*v(u). What are the prime factors of y(3)?
2, 3, 5
Let q(o) = 23*o - 5. Let x(y) = 8*y - 2. Let p(i) = 3*q(i) - 8*x(i). List the prime factors of p(3).
2
Suppose 4*f - 5*p - 737 + 94 = 0, -p = -3*f + 496. Suppose 5*m + k = 325, -m - 5*k - f = -4*m. Suppose -2*i = 2*i - m. List the prime factors of i.
2
Let c(z) = -4*z - 3. Let p be c(-6). Let i = -15 + p. What are the prime factors of (-2)/i + (-460)/(-30)?
3, 5
Let b(q) = q**2 + 5*q + 1. Let f(g) = -1. Let z(h) = b(h) - 5*f(h). List the prime factors of z(-6).
2, 3
Suppose -5*o + 104 = -411. What are the prime factors of o?
103
Suppose 3*o - 3*w - 48 = 0, 2*w + 26 = 3*o - 26. What are the prime factors of o?
2, 5
Let b be -9*(3/1)/9. List the prime factors of (-1)/((b/(-6))/(-1)).
2
Let x = -2 - -6. Suppose 4*b - 5*z = b + 2, -2*b - z + 23 = 0. Suppose -x*q = -b - 11. List the prime factors of q.
5
Let s = 13 + -18. List the prime factors of (2/5)/(s/(-100)).
2
What are the prime factors of ((-1072)/10)/((-6)/15)?
2, 67
Let a = 12 + -8. Suppose -a*p + 4*q + 16 + 16 = 0, -q = 4*p - 37. What are the prime factors of p?
3
Let a = -1 - -7. Suppose z = -2*h + a*z, -4*z + 26 = h. What are the prime factors of h?
2, 5
Suppose 3*d + 20 = 2*s - 0*d, 2*s + d = 4. Suppose -4*l = -r - 5, 0 = -s*l + 2*r + 5 + 5. Suppose 0 = z - l - 3. What are the prime factors of z?
3
List the prime factors of ((-472)/26 - (-12)/78)*-1.
2, 3
Let y(m) = -4*m + 12. Let p(q) = -4*q + 13. Let n(b) = 3*p(b) - 4*y(b). What are the prime factors of n(7)?
19
Let r be 7 - 2*(-2)/4. What are the prime factors of 82/r - (-1)/(-4)?
2, 5
Let q be (1 - (-26)/2)*1. Suppose -4 + q = -2*j. What are the prime factors of ((-2)/3)/(j/45)?
2, 3
Let y = -7 - -1. Let l be (y - -6)/(1*-1). Suppose -3*b + b + 14 = l. What are the prime factors of b?
7
Suppose -u + 9 = -0*v - 4*v, -5*v + 95 = 5*u. Let j = 31 - u. List the prime factors of j.
2, 7
Suppose 3*c - 24 + 3 = 0. What are the prime factors of c?
7
Let o = 26 + 17. Suppose -2*i + 4*b - o = -17, -b = -3*i - 34. Let n = i + 19. List the prime factors of n.
2
Suppose 2*z - z = 0. Let h = z + 32. What are the prime factors of h?
2
Let n = 3 - 4. Let h be n*(-2 - 1) + 0. Suppose -s + z = h*z - 22, -z = 4*s - 81. What are the prime factors of s?
2, 5
Let l = -37 + 79. What are the prime factors of l?
2, 3, 7
Suppose -5*f - 7 + 2 = -5*n, -5*n + 19 = 2*f. Suppose -5*b - 3 = g, 2*g + g = -f*b + 43. List the prime factors of g.
17
List the prime factors of (-18)/(((-12)/(-8))/(-3)).
2, 3
Suppose s = -s - 10. Let b = s - -10. List the prime factors of b.
5
Suppose -4*f = 3*w - 0*w - 732, 366 = 2*f + 4*w. What are the prime factors of f?
3, 61
Let l = 2 + 28. What are the prime factors of l?
2, 3, 5
Suppose j = -2*y - 4, -5*y - 3 = 5*j + 2. Suppose k + 3*l = -15, 0*l = 3*k + j*l + 24. Let t(q) = -q**2 - 7*q - 2. What are the prime factors of t(k)?
2
Let a = -17 + 65. Suppose -x + m = -5*x - 138, -5*x + 2*m - 166 = 0. Let b = x + a. List the prime factors of b.
2, 7
Suppose 0 = 5*f + 4*v - 2*v + 209, -8 = 4*v. Let p = f + 58. What are the prime factors of p?
17
Let j be -3 + 2 + 1 + 1. List the prime factors of (j + -4)*2/(-3).
2
Let s be 28/6*12/8. Let z = 13 - s. List the prime factors of z.
2, 3
Suppose -2 = -2*n + 2. Suppose 2*b + 12 = 50. Suppose 5*j = -z, 5*z - 4 = -n*j + b. What are the prime factors of z?
5
Suppose 2*p - 23 = 1. Let b = 9 - p. What are the prime factors of 0/3 + b - -19?
2
Suppose 3*o = -5*b - 2*o + 240, -b + 68 = 5*o. What are the prime factors of b?
43
Suppose -4*r - r + 25 = 0, -5*c - 3*r + 55 = 0. List the prime factors of (-190)/(-8) - (-2)/c.
2, 3
Let h = -10 - -27. Suppose 0 = x - 11 - h. List the prime factors of x.
2, 7
List the prime factors of (0/(-1 + 0))/(-1) + 290.
2, 5, 29
Let u(k) = -2*k**3 - 5*k**2 - 3*k - 3. List the prime factors of u(-3).
3, 5
Let r(h) = h + 11. Let q(a) = -5. Let d(n) = -5*q(n) - 3*r(n). What are the prime factors of d(-5)?
7
Let u = 13 + -21. Let o = u + 14. What are the prime factors of o?
2, 3
What are the prime factors of -207*(3 + 30/(-9))?
3, 23
Let r(i) = -4*i**2 + 5*i - 2. Let v be r(3). Let t = 48 + v. What are the prime factors of t?
5
Let c(h) = 31*h**2 - 5*h + 4. What are the prime factors of c(2)?
2, 59
Let j(i) = 12 + 6 - 10 - i. What are the prime factors of j(-10)?
2, 3
Suppose 0 = -267*u + 262*u + 270. List the prime factors of u.
2, 3
Let u(b) = b**2 + 14*b + 15. Let v be u(-13). Suppose v*x + 5 = 4*i - 5, -4 = 4*x - 4*i. List the prime factors of x.
3
Let z = 5 - 3. Suppose -31 = 2*p + 5*n, 2 - 24 = 4*p + z*n. Let o = 1 - p. What are the prime factors of o?
2
Let q(s) = s + 7. Let g be q(-5). Suppose 0 = m - o - g*o - 24, 2*m - 2*o - 28 = 0. What are the prime factors of m?
3
Suppose -2*f = -4*f + 74. List the prime factors of f.
37
Suppose -1 + 10 = 3*w. List the prime factors of w/(-6) - 105/(-6).
17
Let v(f) be the third derivative of f**5/6 + f**3/6 + 3*f**2. What are the prime factors of v(-1)?
11
Let r = -2 + -3. Let m(s) = s + 9. Let t be m(r). Suppose 16 = -t*h + 5*h. What are the prime factors of h?
2
Suppose 4*p = 2*r - 18, 0*r - 19 = -5*r - 3*p. Suppose -5*a + 190 = r*l, 4*l + 2*a - 80 = 74. List the prime factors of l.
3, 13
Let o = 8 + 5. List the prime factors of o.
13
List the prime factors of (-1 - -2)/(-1 + (-356)/(-354)).
3, 59
Let m(v) = v + 8. What are the prime factors of m(-3)?
5
Let a = -79 + 101. Let n be (-1 - (-46)/1) + -1. Let p = n - a. What are the prime factors of p?
2, 11
Let u = 14 + -5. Suppose -u = -r - 3*y, -3*r = 4*y - 5 - 2. Let n(t) = 3*t**2 + 4*t + 3. List the prime factors of n(r).
2, 3
Suppose -5*j = -2*v - 170, -95 = -4*j + 4*v + 41. List the prime factors of j.
2, 17
Suppose 910 = 7*m - 2*m + o, 5*m - 925 = -4*o. List the prime factors of m.
181
Let f(a) = -13*a**2 + a. Let t be f(1). Let d be (-2)/(-6) - 56/t. Let v = 2 + d. List the prime factors of v.
7
Let c be (-4)/(-6) + (-8)/12. Suppose -3*k = -c*k - 63. List the prime factors of k.
3, 7
Let g(h) = -h - 7. Let n be g(-5). Let s = 1 - n. List the prime factors of s.
3
Let r(l) = l**2 - 4*l + 3. Let d be 8/(-12) - 52/(-6). Let h be r(d). Suppose 53 + h = 4*j + 2*z, 5*z = -4*j + 94. List the prime factors of j.
3, 7
Let a(j) = j**2 + 7*j + 2. Let o be a(-7). Suppose 6*v = o*v + 56. List the prime factors of v.
2, 7
Let r(o) = o**2 - 3*o + 4. List the prime factors of r(6).
2, 11
Let l be -10*(16/10)/(-4). Suppose 5*y = 6 + l. Suppose -3*g + 35 = y*g. List the prime factors of g.
7
Let r = 16 - 21. Let v(w) = 4*w**3 - 6*w**2 + 5*w. Let t(n) = 5*n**3 - 6*n**2 + 6*n - 1. Let q(d) = 5*t(d) - 6*v(d). What are the prime factors of q(r)?
2, 5
Let q = -83 + 32. Let r be (-12)/9*q/2. Let l = -20 + r. What are the prime factors of l?
2, 7
Let l = -9 - -15. Let i(d) = -d**3 - 5*d**2 + 4. Let q be i(-5). Suppose q*j - 10 = 2*u, 5 + l = 5*j - 4*u. What are the prime factors of j?
3
Let o(z) = 2*z**2 + 7*z - 6. Let i(v) = 6*v**2 + 21*v - 18. Let a(q) = 3*i(q) - 8*o(q). Let r be a(-6). Suppose -2*h = h - r. What are the prime factors of h?
2
Suppose 4*r - 10 = 2*r. Let i = 10 - r. Suppose -o + 6*o + 4*a - 66 = 0, -a